{"id":2226,"date":"2018-05-07T08:51:42","date_gmt":"2018-05-07T08:51:42","guid":{"rendered":"https:\/\/cinerama.qodeinteractive.com\/elementor\/?page_id=2226"},"modified":"2021-08-09T22:22:56","modified_gmt":"2021-08-09T21:22:56","slug":"carousel","status":"publish","type":"page","link":"https:\/\/heimatlosfilms.com\/?page_id=2226","title":{"rendered":"Videolar"},"content":{"rendered":"\t\t<div data-elementor-type=\"wp-page\" data-elementor-id=\"2226\" class=\"elementor elementor-2226\">\n\t\t\t\t\t\t\t\t\t<section class=\"elementor-section elementor-top-section elementor-element elementor-element-d4b923 elementor-section-full_width elementor-section-content-middle edgtf-content-aligment-center elementor-section-height-full elementor-section-height-default elementor-section-items-middle edgtf-parallax-row-no edgtf-elementor-row-grid-no edgtf-disabled-bg-image-bellow-no\" data-id=\"d4b923\" data-element_type=\"section\" data-settings=\"{&quot;background_background&quot;:&quot;classic&quot;}\">\n\t\t\t\t\t\t<div class=\"elementor-container elementor-column-gap-default\">\n\t\t\t\t\t<div class=\"elementor-column elementor-col-100 elementor-top-column elementor-element elementor-element-69b60e7b\" data-id=\"69b60e7b\" data-element_type=\"column\">\n\t\t\t<div class=\"elementor-widget-wrap elementor-element-populated\">\n\t\t\t\t\t\t\t\t<div class=\"elementor-element elementor-element-25aaf845 elementor-widget elementor-widget-edgtf_portfolio_carousel\" data-id=\"25aaf845\" data-element_type=\"widget\" data-widget_type=\"edgtf_portfolio_carousel.default\">\n\t\t\t\t<div class=\"elementor-widget-container\">\n\t\t\t<div class=\"edgtf-portfolio-carousel-holder edgtf-light-skin edgtf-medium-space edgtf-owl-custom-nav\">\n\t<div class=\"edgtf-portfolio-carousel-inner edgtf-owl-slider\" data-number-of-items=\"1\" data-enable-loop=\"yes\" data-enable-autoplay=\"yes\" data-enable-autoplay-hover-pause=\"no\" data-slider-speed=\"5000\" data-slider-speed-animation=\"600\" data-enable-center=\"yes\" data-slider-custom-padding=\"yes\" data-slider-custom-padding-value=\"0.2\" data-enable-navigation=\"yes\" data-enable-pagination=\"no\">\n\t\t\t\t\t\t\t\t<div class=\"edgtf-portfolio-carousel-item edgtf-has-video\">\n\t\t\t\t\t\t\t<div class=\"edgtf-portfolio-carousel-item-inner\">\n\t\t\t\t\t\t\t\t<div class=\"edgtf-pci-image\">\n\t<img fetchpriority=\"high\" decoding=\"async\" width=\"800\" height=\"600\" src=\"https:\/\/heimatlosfilms.com\/wp-content\/uploads\/2021\/05\/VideolarArtboard-5.jpg\" class=\"attachment-full size-full wp-post-image\" alt=\"\" srcset=\"https:\/\/heimatlosfilms.com\/wp-content\/uploads\/2021\/05\/VideolarArtboard-5.jpg 800w, https:\/\/heimatlosfilms.com\/wp-content\/uploads\/2021\/05\/VideolarArtboard-5-300x225.jpg 300w, https:\/\/heimatlosfilms.com\/wp-content\/uploads\/2021\/05\/VideolarArtboard-5-768x576.jpg 768w\" sizes=\"(max-width: 800px) 100vw, 800px\" \/><\/div>\t\t\t\t\t\t\t\t\t<h1 itemprop=\"name\" class=\"edgtf-portfolio-carousel-title entry-title\" >\n\t\tNilufer Yanya &#8211; Heat Rises\t<\/h1>\n\t\t\t\t\t\t\t\t<a itemprop=\"url\" class=\"edgtf-portfolio-carousel-link edgtf-block-drag-link\" href=\"https:\/\/heimatlosfilms.com\/?portfolio-item=nilufer-yanya-heat-rises\" target=\"_self\"><\/a>\n\t\t\t\t\t\t\t<\/div>\n\t\t\t\t\t\t<\/div>\n\t\t\t\t\t\t\t\t\t\t\t\t<div class=\"edgtf-portfolio-carousel-item edgtf-has-video\">\n\t\t\t\t\t\t\t<div class=\"edgtf-portfolio-carousel-item-inner\">\n\t\t\t\t\t\t\t\t<div class=\"edgtf-pci-image\">\n\t<img decoding=\"async\" width=\"800\" height=\"600\" src=\"https:\/\/heimatlosfilms.com\/wp-content\/uploads\/2021\/05\/VideolarArtboard-4.jpg\" class=\"attachment-full size-full wp-post-image\" alt=\"\" srcset=\"https:\/\/heimatlosfilms.com\/wp-content\/uploads\/2021\/05\/VideolarArtboard-4.jpg 800w, https:\/\/heimatlosfilms.com\/wp-content\/uploads\/2021\/05\/VideolarArtboard-4-300x225.jpg 300w, https:\/\/heimatlosfilms.com\/wp-content\/uploads\/2021\/05\/VideolarArtboard-4-768x576.jpg 768w\" sizes=\"(max-width: 800px) 100vw, 800px\" \/><\/div>\t\t\t\t\t\t\t\t\t<h1 itemprop=\"name\" class=\"edgtf-portfolio-carousel-title entry-title\" >\n\t\tB\u00fcy\u00fck Ev Ablukada &#8211; G\u00fcne\u015f Yerinde\t<\/h1>\n\t\t\t\t\t\t\t\t<a itemprop=\"url\" class=\"edgtf-portfolio-carousel-link edgtf-block-drag-link\" href=\"https:\/\/heimatlosfilms.com\/?portfolio-item=buyuk-ev-ablukada-gunes-yerinde\" target=\"_self\"><\/a>\n\t\t\t\t\t\t\t<\/div>\n\t\t\t\t\t\t<\/div>\n\t\t\t\t\t\t\t\t\t\t\t\t<div class=\"edgtf-portfolio-carousel-item edgtf-has-video\">\n\t\t\t\t\t\t\t<div class=\"edgtf-portfolio-carousel-item-inner\">\n\t\t\t\t\t\t\t\t<div class=\"edgtf-pci-image\">\n\t<img decoding=\"async\" width=\"800\" height=\"600\" src=\"https:\/\/heimatlosfilms.com\/wp-content\/uploads\/2021\/05\/VideolarArtboard-3.jpg\" class=\"attachment-full size-full wp-post-image\" alt=\"\" srcset=\"https:\/\/heimatlosfilms.com\/wp-content\/uploads\/2021\/05\/VideolarArtboard-3.jpg 800w, https:\/\/heimatlosfilms.com\/wp-content\/uploads\/2021\/05\/VideolarArtboard-3-300x225.jpg 300w, https:\/\/heimatlosfilms.com\/wp-content\/uploads\/2021\/05\/VideolarArtboard-3-768x576.jpg 768w\" sizes=\"(max-width: 800px) 100vw, 800px\" \/><\/div>\t\t\t\t\t\t\t\t\t<h1 itemprop=\"name\" class=\"edgtf-portfolio-carousel-title entry-title\" >\n\t\tNecklace of Time\t<\/h1>\n\t\t\t\t\t\t\t\t<a itemprop=\"url\" class=\"edgtf-portfolio-carousel-link edgtf-block-drag-link\" href=\"https:\/\/heimatlosfilms.com\/?portfolio-item=necklace-of-time\" target=\"_self\"><\/a>\n\t\t\t\t\t\t\t<\/div>\n\t\t\t\t\t\t<\/div>\n\t\t\t\t\t\t\t\t\t\t\t\t<div class=\"edgtf-portfolio-carousel-item edgtf-has-video\">\n\t\t\t\t\t\t\t<div class=\"edgtf-portfolio-carousel-item-inner\">\n\t\t\t\t\t\t\t\t<div class=\"edgtf-pci-image\">\n\t<img loading=\"lazy\" decoding=\"async\" width=\"800\" height=\"600\" src=\"https:\/\/heimatlosfilms.com\/wp-content\/uploads\/2021\/05\/VideolarArtboard-2.jpg\" class=\"attachment-full size-full wp-post-image\" alt=\"\" srcset=\"https:\/\/heimatlosfilms.com\/wp-content\/uploads\/2021\/05\/VideolarArtboard-2.jpg 800w, https:\/\/heimatlosfilms.com\/wp-content\/uploads\/2021\/05\/VideolarArtboard-2-300x225.jpg 300w, https:\/\/heimatlosfilms.com\/wp-content\/uploads\/2021\/05\/VideolarArtboard-2-768x576.jpg 768w\" sizes=\"(max-width: 800px) 100vw, 800px\" \/><\/div>\t\t\t\t\t\t\t\t\t<h1 itemprop=\"name\" class=\"edgtf-portfolio-carousel-title entry-title\" >\n\t\tDevrialem\t<\/h1>\n\t\t\t\t\t\t\t\t<a itemprop=\"url\" class=\"edgtf-portfolio-carousel-link edgtf-block-drag-link\" href=\"https:\/\/heimatlosfilms.com\/?portfolio-item=devrialem\" target=\"_self\"><\/a>\n\t\t\t\t\t\t\t<\/div>\n\t\t\t\t\t\t<\/div>\n\t\t\t\t\t\t\t\t\t\t\t\t<div class=\"edgtf-portfolio-carousel-item edgtf-has-video\">\n\t\t\t\t\t\t\t<div class=\"edgtf-portfolio-carousel-item-inner\">\n\t\t\t\t\t\t\t\t<div class=\"edgtf-pci-image\">\n\t<img loading=\"lazy\" decoding=\"async\" width=\"800\" height=\"600\" src=\"https:\/\/heimatlosfilms.com\/wp-content\/uploads\/2021\/05\/VideolarArtboard-1.jpg\" class=\"attachment-full size-full wp-post-image\" alt=\"\" srcset=\"https:\/\/heimatlosfilms.com\/wp-content\/uploads\/2021\/05\/VideolarArtboard-1.jpg 800w, https:\/\/heimatlosfilms.com\/wp-content\/uploads\/2021\/05\/VideolarArtboard-1-300x225.jpg 300w, https:\/\/heimatlosfilms.com\/wp-content\/uploads\/2021\/05\/VideolarArtboard-1-768x576.jpg 768w\" sizes=\"(max-width: 800px) 100vw, 800px\" \/><\/div>\t\t\t\t\t\t\t\t\t<h1 itemprop=\"name\" class=\"edgtf-portfolio-carousel-title entry-title\" >\n\t\tZiyaret\t<\/h1>\n\t\t\t\t\t\t\t\t<a itemprop=\"url\" class=\"edgtf-portfolio-carousel-link edgtf-block-drag-link\" href=\"https:\/\/heimatlosfilms.com\/?portfolio-item=ziyaret\" target=\"_self\"><\/a>\n\t\t\t\t\t\t\t<\/div>\n\t\t\t\t\t\t<\/div>\n\t\t\t\t\t\t\t<\/div>\n<\/div>\t\t<\/div>\n\t\t\t\t<\/div>\n\t\t\t\t\t<\/div>\n\t\t<\/div>\n\t\t\t\t\t\t\t<\/div>\n\t\t<\/section>\n\t\t\t\t\t\t\t<\/div>\n\t\t","protected":false},"excerpt":{"rendered":"<p>Nilufer Yanya &#8211; Heat Rises B\u00fcy\u00fck Ev Ablukada &#8211; G\u00fcne\u015f Yerinde Necklace of Time Devrialem Ziyaret<\/p>\n","protected":false},"author":1,"featured_media":0,"parent":0,"menu_order":0,"comment_status":"closed","ping_status":"closed","template":"full-width.php","meta":{"footnotes":""},"class_list":["post-2226","page","type-page","status-publish","hentry"],"_links":{"self":[{"href":"https:\/\/heimatlosfilms.com\/index.php?rest_route=\/wp\/v2\/pages\/2226","targetHints":{"allow":["GET"]}}],"collection":[{"href":"https:\/\/heimatlosfilms.com\/index.php?rest_route=\/wp\/v2\/pages"}],"about":[{"href":"https:\/\/heimatlosfilms.com\/index.php?rest_route=\/wp\/v2\/types\/page"}],"author":[{"embeddable":true,"href":"https:\/\/heimatlosfilms.com\/index.php?rest_route=\/wp\/v2\/users\/1"}],"replies":[{"embeddable":true,"href":"https:\/\/heimatlosfilms.com\/index.php?rest_route=%2Fwp%2Fv2%2Fcomments&post=2226"}],"version-history":[{"count":11,"href":"https:\/\/heimatlosfilms.com\/index.php?rest_route=\/wp\/v2\/pages\/2226\/revisions"}],"predecessor-version":[{"id":6555,"href":"https:\/\/heimatlosfilms.com\/index.php?rest_route=\/wp\/v2\/pages\/2226\/revisions\/6555"}],"wp:attachment":[{"href":"https:\/\/heimatlosfilms.com\/index.php?rest_route=%2Fwp%2Fv2%2Fmedia&parent=2226"}],"curies":[{"name":"wp","href":"https:\/\/api.w.org\/{rel}","templated":true}]}}